{"id":6166,"date":"2026-07-21T19:29:17","date_gmt":"2026-07-21T19:29:17","guid":{"rendered":"https:\/\/heartstouch.life\/meu-percurso\/"},"modified":"2026-08-09T21:13:29","modified_gmt":"2026-08-09T21:13:29","slug":"meu-percurso","status":"publish","type":"page","link":"https:\/\/heartstouch.life\/fr\/meu-percurso\/","title":{"rendered":"Meu percurso"},"content":{"rendered":"<div>\n<p data-start=\"237\" data-end=\"330\"><i>Un parcours construit entre le monde professionnel, la vie familiale et la pr\u00e9sence consciente.<\/i><\/p>\n<p>J&rsquo; aime accueillir ce que la vie apporte avec simplicit\u00e9 et humanit\u00e9.<\/p>\n<p>N\u00e9e \u00e0 S\u00e3o Paulo, d\u2019un p\u00e8re suisse et d\u2019une m\u00e8re fran\u00e7aise et m\u00e8re de deux fils, v\u00e9ritables cadeaux dans ma vie.<\/p>\n<p>Pratiquante de m\u00e9ditation depuis plus de vingt ans, je trouve dans la nature un espace de silence, d\u2019\u00e9quilibre et d\u2019inspiration.<\/p>\n<\/p>\n<p>Dipl\u00f4m\u00e9e en administration des entreprises de la Funda\u00e7\u00e3o Getulio Vargas (FGV), j\u2019ai construit mon parcours professionnel dans le domaine du marketing, o\u00f9 j\u2019ai travaill\u00e9 pendant de nombreuses ann\u00e9es au sein de grandes entreprises multinationales.<\/p>\n<p>C\u2019est au fil de ce parcours qu\u2019est n\u00e9 mon int\u00e9r\u00eat pour l\u2019\u00eatre humain derri\u00e8re<\/p>\n<p>chaque fonction,<\/p>\n<p>chaque histoire<\/p>\n<p>et chaque processus.<\/p>\n<\/p>\n<p>Au fil du temps, j\u2019ai int\u00e9gr\u00e9 diff\u00e9rentes exp\u00e9riences de vie, formations et approches li\u00e9es au d\u00e9veloppement humain, \u00e0 la r\u00e9gulation \u00e9motionnelle et aux pratiques de pr\u00e9sence, en m\u2019appuyant sur divers outils tels que<\/p>\n<p>les neurosciences appliqu\u00e9es,<\/p>\n<p>la coh\u00e9rence cardiaque,<\/p>\n<p>les principes syst\u00e9miques familiaux,<\/p>\n<p>le travail corporel, le massage sonore, le massage rythmique<\/p>\n<p>et les pratiques v\u00e9cues dans la nature.<\/p>\n<p>Aujourd\u2019hui, mon travail na\u00eet de la rencontre entre mon exp\u00e9rience de vie, mon parcours professionnel, ma formation continue et une profonde confiance dans les ressources que chaque personne porte d\u00e9j\u00e0 en elle.<\/p>\n<p>Que ce soit \u00e0 travers<\/p>\n<p>la parole,<\/p>\n<p>le silence,<\/p>\n<p>la respiration,<\/p>\n<p>le corps<\/p>\n<p>ou le contact avec la nature.<\/p>\n<p>Mon intention est d\u2019offrir un espace de pr\u00e9sence, d\u2019\u00e9coute et d\u2019accompagnement, dans le respect du rythme unique de chaque cheminement.<\/p>\n<\/p>\n<\/p>\n<\/div>\n<p><!--more--><br \/>\n<!-- {\"type\":\"layout\",\"children\":[{\"type\":\"section\",\"props\":{\"image_position\":\"center-center\",\"style\":\"default\",\"title_breakpoint\":\"xl\",\"title_position\":\"top-left\",\"title_rotation\":\"left\",\"vertical_align\":\"middle\",\"width\":\"default\"},\"children\":[{\"type\":\"row\",\"children\":[{\"type\":\"column\",\"props\":{\"image_position\":\"center-center\",\"media_overlay_gradient\":\"\",\"position_sticky_breakpoint\":\"m\"},\"children\":[{\"type\":\"text\",\"props\":{\"column_breakpoint\":\"m\",\"content\":\"\n\n<p data-start=\\\"237\\\" data-end=\\\"330\\\"><i>Un parcours construit entre le monde professionnel, la vie familiale et la pr\\u00e9sence consciente.<\\\/i><\\\/p>\\n\n\n<p>J' aime accueillir ce que la vie apporte avec simplicit\\u00e9 et humanit\\u00e9.<\\\/p>\\n\n\n<p>N\\u00e9e \\u00e0 S\\u00e3o Paulo, d\\u2019un p\\u00e8re suisse et d\\u2019une m\\u00e8re fran\\u00e7aise et m\\u00e8re de deux fils, v\\u00e9ritables cadeaux dans ma vie.<\\\/p>\\n\n\n<p>Pratiquante de m\\u00e9ditation depuis plus de vingt ans, je trouve dans la nature un espace de silence, d\\u2019\\u00e9quilibre et d\\u2019inspiration.<\\\/p>\\n\n\n<p><\\\/p>\\n\n\n<p>Dipl\\u00f4m\\u00e9e en administration des entreprises de la Funda\\u00e7\\u00e3o Getulio Vargas (FGV), j\\u2019ai construit mon parcours professionnel dans le domaine du marketing, o\\u00f9 j\\u2019ai travaill\\u00e9 pendant de nombreuses ann\\u00e9es au sein de grandes entreprises multinationales.<\\\/p>\\n\n\n<p>C\\u2019est au fil de ce parcours qu\\u2019est n\\u00e9 mon int\\u00e9r\\u00eat pour l\\u2019\\u00eatre humain derri\\u00e8re<\\\/p>\\n\n\n<p>chaque fonction,<\\\/p>\\n\n\n<p>chaque histoire<\\\/p>\\n\n\n<p>et chaque processus.<\\\/p>\\n\n\n<p><\\\/p>\\n\n\n<p>Au fil du temps, j\\u2019ai int\\u00e9gr\\u00e9 diff\\u00e9rentes exp\\u00e9riences de vie, formations et approches li\\u00e9es au d\\u00e9veloppement humain, \\u00e0 la r\\u00e9gulation \\u00e9motionnelle et aux pratiques de pr\\u00e9sence, en m\\u2019appuyant sur divers outils tels que<\\\/p>\\n\n\n<p>les neurosciences appliqu\\u00e9es,<\\\/p>\\n\n\n<p>la coh\\u00e9rence cardiaque,<\\\/p>\\n\n\n<p>les principes syst\\u00e9miques familiaux,<\\\/p>\\n\n\n<p>le travail corporel, le massage sonore, le massage rythmique<\\\/p>\\n\n\n<p>et les pratiques v\\u00e9cues dans la nature.<\\\/p>\\n\n\n<p>Aujourd\\u2019hui, mon travail na\\u00eet de la rencontre entre mon exp\\u00e9rience de vie, mon parcours professionnel, ma formation continue et une profonde confiance dans les ressources que chaque personne porte d\\u00e9j\\u00e0 en elle.<\\\/p>\\n\n\n<p>Que ce soit \\u00e0 travers<\\\/p>\\n\n\n<p>la parole,<\\\/p>\\n\n\n<p>le silence,<\\\/p>\\n\n\n<p>la respiration,<\\\/p>\\n\n\n<p>le corps<\\\/p>\\n\n\n<p>ou le contact avec la nature.<\\\/p>\\n\n\n<p>Mon intention est d\\u2019offrir un espace de pr\\u00e9sence, d\\u2019\\u00e9coute et d\\u2019accompagnement, dans le respect du rythme unique de chaque cheminement.<\\\/p>\\n\n\n<p><\\\/p>\\n\n\n<p><\\\/p>\\n\n\n<p><\\\/p>\",\"margin\":\"default\"}}]}]}]}],\"version\":\"3.0.21\"} --><\/p>\n","protected":false},"excerpt":{"rendered":"<p>Un parcours construit entre le monde professionnel, la vie familiale et la pr\u00e9sence consciente. J&rsquo; aime accueillir ce que la vie apporte avec simplicit\u00e9 et humanit\u00e9. N\u00e9e \u00e0 S\u00e3o Paulo, d\u2019un p\u00e8re suisse et d\u2019une m\u00e8re fran\u00e7aise et m\u00e8re de deux fils, v\u00e9ritables cadeaux dans ma vie. Pratiquante de m\u00e9ditation depuis plus de vingt ans, [&hellip;]<\/p>\n","protected":false},"author":5,"featured_media":0,"parent":0,"menu_order":0,"comment_status":"closed","ping_status":"closed","template":"","meta":{"footnotes":""},"class_list":["post-6166","page","type-page","status-publish","hentry"],"_links":{"self":[{"href":"https:\/\/heartstouch.life\/fr\/wp-json\/wp\/v2\/pages\/6166","targetHints":{"allow":["GET"]}}],"collection":[{"href":"https:\/\/heartstouch.life\/fr\/wp-json\/wp\/v2\/pages"}],"about":[{"href":"https:\/\/heartstouch.life\/fr\/wp-json\/wp\/v2\/types\/page"}],"author":[{"embeddable":true,"href":"https:\/\/heartstouch.life\/fr\/wp-json\/wp\/v2\/users\/5"}],"replies":[{"embeddable":true,"href":"https:\/\/heartstouch.life\/fr\/wp-json\/wp\/v2\/comments?post=6166"}],"version-history":[{"count":7,"href":"https:\/\/heartstouch.life\/fr\/wp-json\/wp\/v2\/pages\/6166\/revisions"}],"predecessor-version":[{"id":6615,"href":"https:\/\/heartstouch.life\/fr\/wp-json\/wp\/v2\/pages\/6166\/revisions\/6615"}],"wp:attachment":[{"href":"https:\/\/heartstouch.life\/fr\/wp-json\/wp\/v2\/media?parent=6166"}],"curies":[{"name":"wp","href":"https:\/\/api.w.org\/{rel}","templated":true}]}}

<div>
<p data-start="237" data-end="330"><i>Un parcours construit entre le monde professionnel, la vie familiale et la présence consciente.</i></p>
<p>J&rsquo; aime accueillir ce que la vie apporte avec simplicité et humanité.</p>
<p>Née à São Paulo, d’un père suisse et d’une mère française et mère de deux fils, véritables cadeaux dans ma vie.</p>
<p>Pratiquante de méditation depuis plus de vingt ans, je trouve dans la nature un espace de silence, d’équilibre et d’inspiration.</p>
</p>
<p>Diplômée en administration des entreprises de la Fundação Getulio Vargas (FGV), j’ai construit mon parcours professionnel dans le domaine du marketing, où j’ai travaillé pendant de nombreuses années au sein de grandes entreprises multinationales.</p>
<p>C’est au fil de ce parcours qu’est né mon intérêt pour l’être humain derrière</p>
<p>chaque fonction,</p>
<p>chaque histoire</p>
<p>et chaque processus.</p>
</p>
<p>Au fil du temps, j’ai intégré différentes expériences de vie, formations et approches liées au développement humain, à la régulation émotionnelle et aux pratiques de présence, en m’appuyant sur divers outils tels que</p>
<p>les neurosciences appliquées,</p>
<p>la cohérence cardiaque,</p>
<p>les principes systémiques familiaux,</p>
<p>le travail corporel, le massage sonore, le massage rythmique</p>
<p>et les pratiques vécues dans la nature.</p>
<p>Aujourd’hui, mon travail naît de la rencontre entre mon expérience de vie, mon parcours professionnel, ma formation continue et une profonde confiance dans les ressources que chaque personne porte déjà en elle.</p>
<p>Que ce soit à travers</p>
<p>la parole,</p>
<p>le silence,</p>
<p>la respiration,</p>
<p>le corps</p>
<p>ou le contact avec la nature.</p>
<p>Mon intention est d’offrir un espace de présence, d’écoute et d’accompagnement, dans le respect du rythme unique de chaque cheminement.</p>
</p>
</p>
</div>
<p><!--more--><br />
<!-- {"type":"layout","children":[{"type":"section","props":{"image_position":"center-center","style":"default","title_breakpoint":"xl","title_position":"top-left","title_rotation":"left","vertical_align":"middle","width":"default"},"children":[{"type":"row","children":[{"type":"column","props":{"image_position":"center-center","media_overlay_gradient":"","position_sticky_breakpoint":"m"},"children":[{"type":"text","props":{"column_breakpoint":"m","content":"

<p data-start=\"237\" data-end=\"330\"><i>Un parcours construit entre le monde professionnel, la vie familiale et la pr\u00e9sence consciente.<\/i><\/p>\n

<p>J' aime accueillir ce que la vie apporte avec simplicit\u00e9 et humanit\u00e9.<\/p>\n

<p>N\u00e9e \u00e0 S\u00e3o Paulo, d\u2019un p\u00e8re suisse et d\u2019une m\u00e8re fran\u00e7aise et m\u00e8re de deux fils, v\u00e9ritables cadeaux dans ma vie.<\/p>\n

<p>Pratiquante de m\u00e9ditation depuis plus de vingt ans, je trouve dans la nature un espace de silence, d\u2019\u00e9quilibre et d\u2019inspiration.<\/p>\n

<p><\/p>\n

<p>Dipl\u00f4m\u00e9e en administration des entreprises de la Funda\u00e7\u00e3o Getulio Vargas (FGV), j\u2019ai construit mon parcours professionnel dans le domaine du marketing, o\u00f9 j\u2019ai travaill\u00e9 pendant de nombreuses ann\u00e9es au sein de grandes entreprises multinationales.<\/p>\n

<p>C\u2019est au fil de ce parcours qu\u2019est n\u00e9 mon int\u00e9r\u00eat pour l\u2019\u00eatre humain derri\u00e8re<\/p>\n

<p>chaque fonction,<\/p>\n

<p>chaque histoire<\/p>\n

<p>et chaque processus.<\/p>\n

<p><\/p>\n

<p>Au fil du temps, j\u2019ai int\u00e9gr\u00e9 diff\u00e9rentes exp\u00e9riences de vie, formations et approches li\u00e9es au d\u00e9veloppement humain, \u00e0 la r\u00e9gulation \u00e9motionnelle et aux pratiques de pr\u00e9sence, en m\u2019appuyant sur divers outils tels que<\/p>\n

<p>les neurosciences appliqu\u00e9es,<\/p>\n

<p>la coh\u00e9rence cardiaque,<\/p>\n

<p>les principes syst\u00e9miques familiaux,<\/p>\n

<p>le travail corporel, le massage sonore, le massage rythmique<\/p>\n

<p>et les pratiques v\u00e9cues dans la nature.<\/p>\n

<p>Aujourd\u2019hui, mon travail na\u00eet de la rencontre entre mon exp\u00e9rience de vie, mon parcours professionnel, ma formation continue et une profonde confiance dans les ressources que chaque personne porte d\u00e9j\u00e0 en elle.<\/p>\n

<p>Que ce soit \u00e0 travers<\/p>\n

<p>la parole,<\/p>\n

<p>le silence,<\/p>\n

<p>la respiration,<\/p>\n

<p>le corps<\/p>\n

<p>ou le contact avec la nature.<\/p>\n

<p>Mon intention est d\u2019offrir un espace de pr\u00e9sence, d\u2019\u00e9coute et d\u2019accompagnement, dans le respect du rythme unique de chaque cheminement.<\/p>\n

<p><\/p>\n

<p><\/p>\n

<p><\/p>","margin":"default"}}]}]}]}],"version":"3.0.21"} --></p>

<p>Un parcours construit entre le monde professionnel, la vie familiale et la présence consciente. J&rsquo; aime accueillir ce que la vie apporte avec simplicité et humanité. Née à São Paulo, d’un père suisse et d’une mère française et mère de deux fils, véritables cadeaux dans ma vie. Pratiquante de méditation depuis plus de vingt ans, [&hellip;]</p>
